ivided by 234.
1
Calculate the remainder when 48997 is divided by 308.
25
What is the remainder when 2882 is divided by 265?
232
Calculate the remainder when 7559 is divided by 1462.
249
Calculate the remainder when 20721 is divided by 829.
825
Calculate the remainder when 52303 is divided by 181.
175
Calculate the remainder when 11251 is divided by 174.
115
What is the remainder when 107435 is divided by 26857?
7
What is the remainder when 760 is divided by 162?
112
What is the remainder when 15142 is divided by 183?
136
Calculate the remainder when 24894 is divided by 8.
6
Calculate the remainder when 7744 is divided by 3865.
14
Calculate the remainder when 13837 is divided by 552.
37
Calculate the remainder when 10368 is divided by 1273.
184
What is the remainder when 25755 is divided by 4291?
9
What is the remainder when 5104 is divided by 884?
684
What is the remainder when 5107 is divided by 117?
76
Calculate the remainder when 3108 is divided by 610.
58
What is the remainder when 95631 is divided by 13?
3
Calculate the remainder when 12767 is divided by 12747.
20
Calculate the remainder when 32937 is divided by 36.
33
Calculate the remainder when 9715 is divided by 165.
145
What is the remainder when 1299802 is divided by 516?
514
What is the remainder when 871671 is divided by 35?
31
What is the remainder when 203445 is divided by 196?
193
What is the remainder when 559716 is divided by 6?
0
What is the remainder when 43505 is divided by 145?
5
Calculate the remainder when 38361 is divided by 421.
50
What is the remainder when 74453 is divided by 12?
5
What is the remainder when 25961 is divided by 249?
65
What is the remainder when 21112 is divided by 118?
108
Calculate the remainder when 57531 is divided by 290.
111
Calculate the remainder when 289900 is divided by 17.
16
What is the remainder when 1684 is divided by 1517?
167
Calculate the remainder when 30780 is divided by 2205.
2115
Calculate the remainder when 1607 is divided by 685.
237
Calculate the remainder when 5325 is divided by 772.
693
Calculate the remainder when 56778 is divided by 18922.
12
Calculate the remainder when 80172 is divided by 626.
44
Calculate the remainder when 552620 is divided by 4.
0
Calculate the remainder when 5757 is divided by 169.
11
What is the remainder when 85809 is divided by 111?
6
What is the remainder when 4047 is divided by 214?
195
Calculate the remainder when 5089 is divided by 988.
149
Calculate the remainder when 6069 is divided by 820.
329
What is the remainder when 1533 is divided by 65?
38
What is the remainder when 69015 is divided by 29?
24
Calculate the remainder when 4091 is divided by 105.
101
Calculate the remainder when 147 is divided by 88.
59
Calculate the remainder when 25618 is divided by 582.
10
What is the remainder when 4340 is divided by 1266?
542
What is the remainder when 6441 is divided by 293?
288
Calculate the remainder when 13469 is divided by 127.
7
What is the remainder when 86722 is divided by 43239?
244
Calculate the remainder when 1415 is divided by 41.
21
Calculate the remainder when 6571 is divided by 1329.
1255
Calculate the remainder when 4250 is divided by 52.
38
Calculate the remainder when 5117 is divided by 65.
47
What is the remainder when 176553 is divided by 36?
9
What is the remainder when 5011749 is divided by 47?
45
Calculate the remainder when 87259 is divided by 48.
43
Calculate the remainder when 1455 is divided by 414.
213
What is the remainder when 6892 is divided by 1376?
12
What is the remainder when 46295 is divided by 253?
249
Calculate the remainder when 841430 is divided by 280461.
47
Calculate the remainder when 2350 is divided by 1170.
10
Calculate the remainder when 35764 is divided by 39.
1
What is the remainder when 955252 is divided by 86841?
1
Calculate the remainder when 1750318 is divided by 104.
102
Calculate the remainder when 6933 is divided by 1378.
43
What is the remainder when 5606 is divided by 368?
86
Calculate the remainder when 4632 is divided by 85.
42
What is the remainder when 182812 is divided by 30468?
4
Calculate the remainder when 2950 is divided by 970.
40
What is the remainder when 253996 is divided by 309?
307
Calculate the remainder when 1375 is divided by 32.
31
Calculate the remainder when 7063896 is divided by 23.
21
Calculate the remainder when 179 is divided by 151.
28
Calculate the remainder when 15346 is divided by 15251.
95
Calculate the remainder when 1959 is divided by 385.
34
Calculate the remainder when 47816 is divided by 189.
188
Calculate the remainder when 436216 is divided by 58.
56
What is the remainder when 602702 is divided by 481?
9
What is the remainder when 7867 is divided by 533?
405
What is the remainder when 139599 is divided by 10?
9
Calculate the remainder when 8481599 is divided by 2280.
2279
What is the remainder when 1146 is divided by 3?
0
What is the remainder when 35318 is divided by 14?
10
What is the remainder when 131807 is divided by 159?
155
Calculate the remainder when 15078 is divided by 201.
3
What is the remainder when 17362 is divided by 230?
112
Calculate the remainder when 122 is divided by 98.
24
What is the remainder when 10108 is divided by 1350?
658
What is the remainder when 12950 is divided by 12916?
34
Calculate the remainder when 90323 is divided by 59.
53
What is the remainder when 525907 is divided by 175299?
10
Calculate the remainder when 949 is divided by 176.
69
What is the remainder when 921228 is divided by 853?
841
Calculate the remainder when 2867 is divided by 523.
252
Calculate the remainder when 2082 is divided by 95.
87
What is the remainder when 4902493 is divided by 39?
37
Calculate the remainder when 6294 is divided by 117.
93
What is the remainder when 67661 is divided by 47?
28
Calculate the remainder when 3806 is divided by 255.
236
Calculate the remainder when 9898 is divided by 761.
5
Calculate the remainder when 22941 is divided by 5722.
53
What is the remainder when 46725 is divided by 380?
365
Calculate the remainder when 5602 is divided by 132.
58
What is the remainder when 917 is divided by 133?
119
Calculate the remainder when 561353 is divided by 73.
56
Calculate the remainder when 43994 is divided by 68.
66
Calculate the remainder when 24740 is divided by 10.
0
What is the remainder when 5425 is divided by 5392?
33
Calculate the remainder when 1448 is divided by 644.
160
Calculate the remainder when 223703 is divided by 21.
11
What is the remainder when 2393 is divided by 1154?
85
Calculate the remainder when 55556 is divided by 120.
116
What is the remainder when 31009 is divided by 52?
17
Calculate the remainder when 1107 is divided by 233.
175
Calculate the remainder when 61034 is divided by 1271.
26
What is the remainder when 34087 is divided by 2?
1
What is the remainder when 591547 is divided by 518?
509
What is the remainder when 1061 is divided by 668?
393
Calculate the remainder when 50593 is divided by 43.
25
What is the remainder when 2427 is divided by 474?
57
Calculate the remainder when 1575 is divided by 410.
345
What is the remainder when 4660 is divided by 213?
187
Calculate the remainder when 4306429 is divided by 1030.
1029
Calculate the remainder when 9148 is divided by 508.
4
Calculate the remainder when 1189 is divided by 799.
390
Calculate the remainder when 158515 is divided by 319.
291
What is the remainder when 1094687 is divided by 543?
542
Calculate the remainder when 69634 is divided by 29.
5
Calculate the remainder when 17372 is divided by 2886.
56
What is the remainder when 125089 is divided by 123?
121
What is the remainder when 2968 is divided by 74?
8
Calculate the remainder when 78833 is divided by 170.
123
What is the remainder when 455660 is divided by 197?
196
What is the remainder when 1578 is divided by 352?
170
What is the remainder when 734 is divided by 364?
6
Calculate the remainder when 2114 is divided by 109.
43
Calculate the remainder when 103678 is divided by 155.
138
Calculate the remainder when 190087 is divided by 2136.
2119
Calculate the remainder when 22431 is divided by 29.
14
Calculate the remainder when 13851 is divided by 533.
526
What is the remainder when 609 is divided by 203?
0
Calculate the remainder when